5 divide 32872375?
True
Is 152518250 a multiple of 28?
False
Is 4931 a factor of 241514433?
False
Does 111 divide 12397035?
True
Is 70 a factor of 1426518030?
True
Is 246 a factor of 477612444?
True
Is 90 a factor of 116085330?
True
Is 23956334 a multiple of 620?
False
Does 4 divide 86259380?
True
Is 415424663 a multiple of 30?
False
Does 256 divide 106430720?
True
Is 667433558 a multiple of 893?
True
Does 353 divide 107201405?
False
Is 5696 a factor of 166011614?
False
Does 33 divide 262863678?
True
Does 51 divide 10914000?
True
Does 19 divide 39165954?
True
Is 2506 a factor of 50819383?
False
Is 232 a factor of 867103068?
False
Is 14 a factor of 29612834?
False
Is 422953869 a multiple of 131?
False
Does 1831 divide 79080890?
True
Is 10 a factor of 62707320?
True
Is 28575701 a multiple of 104?
False
Is 306177550 a multiple of 295?
True
Is 205431842 a multiple of 262?
True
Is 14 a factor of 71710492?
True
Is 160138989 a multiple of 30?
False
Does 42 divide 40434060?
False
Does 89 divide 8441650?
True
Is 520 a factor of 47274760?
True
Is 45 a factor of 153743780?
False
Is 33 a factor of 644749507?
False
Is 57 a factor of 513357162?
True
Is 11679812 a multiple of 22?
False
Is 4635792 a multiple of 48?
True
Does 2678 divide 3978821?
False
Is 23091471 a multiple of 897?
True
Is 49 a factor of 1319733709?
True
Is 27 a factor of 27202500?
True
Is 122801298 a multiple of 1483?
True
Is 57 a factor of 26418617?
False
Does 45 divide 3247560?
True
Does 2114 divide 11030698?
False
Is 932327 even?
False
Is 5362867 a multiple of 4?
False
Is 78 a factor of 1394421366?
True
Does 55 divide 1349220840?
True
Is 169 a factor of 93092866?
False
Does 39 divide 15881268?
True
Is 777 a factor of 473783520?
True
Is 75 a factor of 5292176?
False
Is 620556421 a multiple of 1636?
False
Is 15 a factor of 361671105?
True
Does 23 divide 44746036?
False
Is 44 a factor of 341558207?
False
Is 84 a factor of 6378924887?
False
Does 289 divide 462092447?
False
Is 49 a factor of 66398268?
False
Is 35116215 a multiple of 51?
False
Is 64546650 a multiple of 1395?
True
Is 20399998 a multiple of 236?
False
Is 1011 a factor of 1671237557?
False
Is 260 a factor of 2491840?
True
Does 17 divide 614159?
True
Is 18 a factor of 8006697?
False
Is 11645 a factor of 2535687105?
True
Is 5 a factor of 159355590?
True
Is 162 a factor of 118119060?
True
Is 60 a factor of 178170360?
True
Is 718 a factor of 174598932?
True
Does 13 divide 691890270?
False
Is 260840402 a multiple of 43?
False
Does 6 divide 340736723?
False
Is 2736519597 a multiple of 357?
True
Is 44 a factor of 936525436?
True
Is 83 a factor of 13342831?
True
Is 473380872 a multiple of 334?
True
Does 776 divide 6775256?
True
Does 94 divide 96403486?
True
Is 1590069130 a multiple of 1014?
False
Does 1192 divide 17164474?
False
Is 2573 a factor of 10783108?
False
Is 20 a factor of 30612180?
True
Is 92 a factor of 7316392?
True
Is 13 a factor of 73292687?
True
Is 35465979 a multiple of 112?
False
Does 1086 divide 84151502?
False
Is 209 a factor of 18063870?
True
Does 304 divide 1000388184?
False
Is 33 a factor of 226948623?
True
Is 1921055114 a multiple of 430?
False
Is 3170 a factor of 34400840?
True
Does 146 divide 366092865?
False
Is 11 a factor of 1160458132?
False
Does 4 divide 28855705?
False
Is 318503755 a multiple of 85?
True
Is 4 a factor of 97741058?
False
Is 260 a factor of 896893920?
True
Is 24875894 a multiple of 134?
True
Does 80 divide 14290320?
True
Is 46 a factor of 233361511?
False
Does 7196 divide 5594897196?
True
Is 98 a factor of 3126910598?
True
Is 9 a factor of 439599123?
True
Is 98 a factor of 450337265?
False
Is 888416 a multiple of 7?
False
Is 850 a factor of 12497550?
True
Is 451031513 a multiple of 14?
False
Is 322075057 a multiple of 5241?
False
Does 10 divide 1213039820?
True
Is 27877071 a multiple of 542?
False
Does 1054 divide 640348214?
True
Is 96 a factor of 33663150?
False
Does 362 divide 47782552?
True
Is 139662880 a multiple of 16?
True
Does 889 divide 808405927?
True
Is 208 a factor of 39577824?
True
Does 281 divide 171189653?
False
Is 2235 a factor of 953160450?
True
Does 1675 divide 279378945?
False
Is 1249776920 a multiple of 667?
False
Is 7070279 a multiple of 2?
False
Is 1293 a factor of 237912?
True
Is 264 a factor of 15435816?
True
Is 82 a factor of 412009689?
False
Does 14 divide 30903642?
True
Is 507 a factor of 69988308?
True
Is 12 a factor of 168838260?
True
Is 225 a factor of 16279425?
True
Is 360636816 a multiple of 566?
False
Does 2345 divide 651154910?
True
Is 79 a factor of 65238901?
False
Is 151967107 a multiple of 37?
False
Is 1035891552 a multiple of 152?
True
Does 5 divide 209141589?
False
Does 3754 divide 129955972?
True
Is 194 a factor of 16737544?
True
Is 1186739863 a multiple of 884?
False
Is 23 a factor of 39286231?
True
Is 1717 a factor of 173990478?
True
Does 4683 divide 1745859864?
True
Is 61548662 a multiple of 178?
True
Is 148 a factor of 174329436?
False
Does 18 divide 32404248?
True
Is 38604359 a multiple of 173?
False
Does 218 divide 2462395467?
False
Does 3107 divide 26737723?
False
Is 607968 a multiple of 32?
True
Does 448 divide 158580460?
False
Does 11 divide 207979244?
True
Does 2528 divide 351475424?
True
Does 12 divide 21322099?
False
Does 486 divide 88527816?
True
Is 10013307 a multiple of 3?
True
Is 11 a factor of 531662872?
False
Is 6698576 a multiple of 147?
False
Is 28139302 a multiple of 102?
False
Is 4 a factor of 10688725?
False
Is 314851500 a multiple of 3782?
True
Is 80565478 a multiple of 666?
False
Is 7265096424 a multiple of 57?
True
Does 159 divide 1226247114?
True
Is 144 a factor of 66297522?
False
Is 8 a factor of 131191800?
True
Does 332 divide 49299479?
False
Is 104 a factor of 77033834?
False
Does 25 divide 53649600?
True
Is 7 a factor of 110671981?
True
Does 23 divide 49698055?
True
Is 5 a factor of 7189784?
False
Is 5105 a factor of 2634246365?
True
Does 62 divide 1447726728?
False
Does 13 divide 152868781?
True
Does 76 divide 47901432?
True
Does 2008 divide 1928149654?
False
Is 279869420 a multiple of 5?
True
Does 29 divide 6895272?
True
Is 806911586 a multiple of 3028?
False
Is 2562 a factor of 158445055?
False
Is 196 a factor of 1010512692?
True
Is 23037641 a multiple of 11?
True
Is 10340630 a multiple of 4?
False
Is 339 a factor of 694655409?
True
Is 15 a factor of 54552120?
True
Is 428622273 a multiple of 1539?
True
Is 6 a factor of 348340763?
False
Does 3199 divide 4487299167?
False
Is 522 a factor of 91493028?
True
Is 414 a factor of 465033326?
False
Does 307 divide 99406293?
True
Is 5554762 a multiple of 49?
False
Is 11 a factor of 565987908?
False
Is 328 a factor of 48178280?
True
Does 80 divide 37669541?
False
Is 5 a factor of 82503934?
False
Is 537148364 a multiple of 97?
True
Does 1629 divide 6990801?
False
Is 11481876 a multiple of 98?
True
Is 11 a factor of 74750236?
True
Is 394132081 a multiple of 1392?
False
Is 23 a factor of 146030649?
False
Does 67 divide 1458044888?
True
Is 457 a factor of 2532893?
False
Does 1200 divide 2681974332?
False
Is 5380 a factor of 1900097640?
True
Is 25 a factor of 54026725?
True
Does 79 divide 99229236?
False
Is 58 a factor of 157845434?
True
Is 79 a factor of 1661461403?
True
Does 26 divide 90615096?
True
Is 893 a factor of 368598252?
True
Is 3 a factor of 2558874?
True
Is 67 a factor of 3014866?
True
Is 93221798 a multiple of 64?
False
Is 112618200 a multiple of 75?
True
Does 705 divide 158082855?
True
Is 63747016 a multiple of 8?
True
Does 23 divide 17358145?
False
Does 2869 divide 58970433?
False
Does 17 divide 34125885?
True
Does 4 divide 24258368?
True
Does 312 divide 34689720?
True
Is 98 a factor of 112065322?
False
Is 98804972 a multiple of 14?
True
Is 28 a factor of 35065406?
False
Is 5 a factor of 4554144?
False
Is 30252430 a multiple of 10?
True
Does 79 divide 249199733?
True
Does 976 divide 9197660?
False
Is 6392295 a multiple of 223?
True
Does 105 divide 2441250?
True
Is 957730539 a multiple of 1570?
False
Is 7838 a factor of 424703656?
False
Is 9552 a factor of 2304477312?
True
Is 101347338 a multiple of 138?
True
Does 142 divide 482816046?
True
Is 26332271 a multiple of 6?
False
Does 36 divide 317240885?
False
Is 2210 a factor of 22289001?
False
Is 4556385 a multiple of 45?
